Last updated on 2025-07-19 13:50:05 CEST.
Flavor | Version | Tinstall | Tcheck | Ttotal | Status | Flags |
---|---|---|---|---|---|---|
r-devel-linux-x86_64-debian-clang | 1.2.4 | 54.06 | 254.83 | 308.89 | OK | |
r-devel-linux-x86_64-debian-gcc | 1.2.4 | 39.06 | 170.94 | 210.00 | OK | |
r-devel-linux-x86_64-fedora-clang | 1.2.4 | 513.57 | OK | |||
r-devel-linux-x86_64-fedora-gcc | 1.2.4 | 477.31 | OK | |||
r-devel-windows-x86_64 | 1.2.4 | 59.00 | 272.00 | 331.00 | OK | |
r-patched-linux-x86_64 | 1.2.4 | 54.79 | 242.00 | 296.79 | OK | |
r-release-linux-x86_64 | 1.2.4 | 53.29 | 239.61 | 292.90 | OK | |
r-release-macos-arm64 | 1.2.4 | 150.00 | OK | |||
r-release-macos-x86_64 | 1.2.4 | 227.00 | OK | |||
r-release-windows-x86_64 | 1.2.4 | 56.00 | 253.00 | 309.00 | OK | |
r-oldrel-macos-arm64 | 1.2.4 | 134.00 | NOTE | |||
r-oldrel-macos-x86_64 | 1.2.4 | 194.00 | NOTE | |||
r-oldrel-windows-x86_64 | 1.2.4 | 72.00 | 340.00 | 412.00 | OK |
Version: 1.2.4
Check: installed package size
Result: NOTE
installed size is 5.4Mb
sub-directories of 1Mb or more:
help 1.1Mb
libs 3.2Mb
Flavors: r-oldrel-macos-arm64, r-oldrel-macos-x86_64