Last updated on 2025-07-25 12:50:00 CEST.
Flavor | Version | Tinstall | Tcheck | Ttotal | Status | Flags |
---|---|---|---|---|---|---|
r-devel-linux-x86_64-debian-clang | 0.0.60 | 48.79 | 165.06 | 213.85 | NOTE | |
r-devel-linux-x86_64-debian-gcc | 0.0.60 | 31.51 | 111.19 | 142.70 | NOTE | |
r-devel-linux-x86_64-fedora-clang | 0.0.60 | 340.01 | OK | |||
r-devel-linux-x86_64-fedora-gcc | 0.0.60 | 339.30 | OK | |||
r-devel-windows-x86_64 | 0.0.60 | 51.00 | 178.00 | 229.00 | NOTE | |
r-patched-linux-x86_64 | 0.0.60 | 47.10 | 146.98 | 194.08 | NOTE | |
r-release-linux-x86_64 | 0.0.60 | 43.56 | 149.34 | 192.90 | NOTE | |
r-release-macos-arm64 | 0.0.60 | 72.00 | OK | |||
r-release-macos-x86_64 | 0.0.60 | 175.00 | OK | |||
r-release-windows-x86_64 | 0.0.60 | 48.00 | 176.00 | 224.00 | NOTE | |
r-oldrel-macos-arm64 | 0.0.60 | 74.00 | OK | |||
r-oldrel-macos-x86_64 | 0.0.60 | 122.00 | OK | |||
r-oldrel-windows-x86_64 | 0.0.60 | 64.00 | 230.00 | 294.00 | OK |
Version: 0.0.60
Check: Rd cross-references
Result: NOTE
Found the following Rd file(s) with Rd \link{} targets missing package
anchors:
ATA.BoxCoxAttr.Rd: BoxCox, InvBoxCox, BoxCox.lambda
ATA.Decomposition.Rd: stlplus
Please provide package anchors for all Rd \link{} targets not in the
package itself and the base packages.
Flavors: r-devel-linux-x86_64-debian-clang, r-devel-linux-x86_64-debian-gcc, r-devel-windows-x86_64, r-patched-linux-x86_64, r-release-linux-x86_64, r-release-windows-x86_64