CRAN Package Check Results for Package BSagri

Last updated on 2025-07-22 13:49:09 CEST.

Flavor Version Tinstall Tcheck Ttotal Status Flags
r-devel-linux-x86_64-debian-clang 0.1-10 9.21 85.47 94.68 NOTE
r-devel-linux-x86_64-debian-gcc 0.1-10 7.05 63.15 70.20 NOTE
r-devel-linux-x86_64-fedora-clang 0.1-10 147.54 OK
r-devel-linux-x86_64-fedora-gcc 0.1-10 146.27 OK
r-devel-windows-x86_64 0.1-10 11.00 102.00 113.00 OK
r-patched-linux-x86_64 0.1-10 10.38 81.40 91.78 OK
r-release-linux-x86_64 0.1-10 9.41 80.59 90.00 OK
r-release-macos-arm64 0.1-10 52.00 OK
r-release-macos-x86_64 0.1-10 87.00 OK
r-release-windows-x86_64 0.1-10 12.00 106.00 118.00 OK
r-oldrel-macos-arm64 0.1-10 41.00 OK
r-oldrel-macos-x86_64 0.1-10 67.00 OK
r-oldrel-windows-x86_64 0.1-10 15.00 125.00 140.00 OK

Check Details

Version: 0.1-10
Check: CRAN incoming feasibility
Result: NOTE Maintainer: ‘Frank Schaarschmidt <schaarschmidt@biostat.uni-hannover.de>’ No Authors@R field in DESCRIPTION. Please add one, modifying Authors@R: person(given = "Frank", family = "Schaarschmidt", role = c("aut", "cre"), email = "schaarschmidt@biostat.uni-hannover.de") as necessary. Flavors: r-devel-linux-x86_64-debian-clang, r-devel-linux-x86_64-debian-gcc