CRAN Package Check Results for Package CPsurv

Last updated on 2025-07-15 12:49:17 CEST.

Flavor Version Tinstall Tcheck Ttotal Status Flags
r-devel-linux-x86_64-debian-clang 1.0.0 7.18 131.04 138.22 NOTE
r-devel-linux-x86_64-debian-gcc 1.0.0 4.97 95.92 100.89 NOTE
r-devel-linux-x86_64-fedora-clang 1.0.0 225.92 OK
r-devel-linux-x86_64-fedora-gcc 1.0.0 210.64 OK
r-devel-windows-x86_64 1.0.0 8.00 179.00 187.00 OK
r-patched-linux-x86_64 1.0.0 7.13 121.84 128.97 OK
r-release-linux-x86_64 1.0.0 6.23 120.45 126.68 OK
r-release-macos-arm64 1.0.0 79.00 OK
r-release-macos-x86_64 1.0.0 171.00 OK
r-release-windows-x86_64 1.0.0 7.00 180.00 187.00 OK
r-oldrel-macos-arm64 1.0.0 76.00 OK
r-oldrel-macos-x86_64 1.0.0 127.00 OK
r-oldrel-windows-x86_64 1.0.0 10.00 216.00 226.00 OK

Check Details

Version: 1.0.0
Check: CRAN incoming feasibility
Result: NOTE Maintainer: ‘Stefanie Krügel <stefanie.kruegel@gmail.com>’ No Authors@R field in DESCRIPTION. Please add one, modifying Authors@R: c(person(given = "Stefanie", family = "Krügel", role = c("aut", "cre"), email = "stefanie.kruegel@gmail.com"), person(given = c("Alessandra", "R."), family = "Brazzale"), person(role = "aut"), person(given = "Helmut", family = "Kuechenhoff", role = "aut")) as necessary. Flavors: r-devel-linux-x86_64-debian-clang, r-devel-linux-x86_64-debian-gcc