CRAN Package Check Results for Package CautiousLearning

Last updated on 2025-07-17 12:49:54 CEST.

Flavor Version Tinstall Tcheck Ttotal Status Flags
r-devel-linux-x86_64-debian-clang 1.0.1 11.29 27.27 38.56 NOTE
r-devel-linux-x86_64-debian-gcc 1.0.1 9.28 22.64 31.92 NOTE
r-devel-linux-x86_64-fedora-clang 1.0.1 65.76 OK
r-devel-linux-x86_64-fedora-gcc 1.0.1 63.87 OK
r-devel-windows-x86_64 1.0.1 16.00 73.00 89.00 OK
r-patched-linux-x86_64 1.0.1 13.10 26.13 39.23 OK
r-release-linux-x86_64 1.0.1 10.90 25.36 36.26 OK
r-release-macos-arm64 1.0.1 26.00 OK
r-release-macos-x86_64 1.0.1 39.00 OK
r-release-windows-x86_64 1.0.1 15.00 79.00 94.00 OK
r-oldrel-macos-arm64 1.0.1 25.00 OK
r-oldrel-macos-x86_64 1.0.1 34.00 OK
r-oldrel-windows-x86_64 1.0.1 19.00 83.00 102.00 OK

Check Details

Version: 1.0.1
Check: CRAN incoming feasibility
Result: NOTE Maintainer: ‘Giovanna Capizzi <giovanna.capizzi@unipd.it>’ No Authors@R field in DESCRIPTION. Please add one, modifying Authors@R: c(person(given = "Giovanna", family = "Capizzi", role = c("aut", "cre"), email = "giovanna.capizzi@unipd.it"), person(given = "Guido", family = "Masarotto", role = "aut")) as necessary. Flavors: r-devel-linux-x86_64-debian-clang, r-devel-linux-x86_64-debian-gcc