CRAN Package Check Results for Package DCEmgmt

Last updated on 2025-07-17 12:49:56 CEST.

Flavor Version Tinstall Tcheck Ttotal Status Flags
r-devel-linux-x86_64-debian-clang 0.0.1 3.44 23.97 27.41 NOTE
r-devel-linux-x86_64-debian-gcc 0.0.1 2.77 20.51 23.28 NOTE
r-devel-linux-x86_64-fedora-clang 0.0.1 45.86 NOTE
r-devel-linux-x86_64-fedora-gcc 0.0.1 59.83 NOTE
r-devel-windows-x86_64 0.0.1 4.00 46.00 50.00 NOTE
r-patched-linux-x86_64 0.0.1 3.40 22.54 25.94 NOTE
r-release-linux-x86_64 0.0.1 3.08 23.09 26.17 NOTE
r-release-macos-arm64 0.0.1 37.00 NOTE
r-release-macos-x86_64 0.0.1 44.00 NOTE
r-release-windows-x86_64 0.0.1 4.00 46.00 50.00 NOTE
r-oldrel-macos-arm64 0.0.1 24.00 NOTE
r-oldrel-macos-x86_64 0.0.1 35.00 NOTE
r-oldrel-windows-x86_64 0.0.1 5.00 52.00 57.00 NOTE

Check Details

Version: 0.0.1
Check: Rd files
Result: NOTE checkRd: (-1) data.Rd:11: Lost braces 11 | \doi{10.1007/s40258-021-00647-3}{DOI} | ^ Flavors: r-devel-linux-x86_64-debian-clang, r-devel-linux-x86_64-debian-gcc, r-devel-linux-x86_64-fedora-clang, r-devel-linux-x86_64-fedora-gcc, r-devel-windows-x86_64, r-patched-linux-x86_64, r-release-linux-x86_64, r-release-macos-arm64, r-release-macos-x86_64, r-release-windows-x86_64, r-oldrel-macos-arm64, r-oldrel-macos-x86_64, r-oldrel-windows-x86_64