CRAN Package Check Results for Package ECharts2Shiny

Last updated on 2025-07-21 12:49:59 CEST.

Flavor Version Tinstall Tcheck Ttotal Status Flags
r-devel-linux-x86_64-debian-clang 0.2.13 4.31 37.39 41.70 OK
r-devel-linux-x86_64-debian-gcc 0.2.13 3.21 29.03 32.24 OK
r-devel-linux-x86_64-fedora-clang 0.2.13 65.64 OK
r-devel-linux-x86_64-fedora-gcc 0.2.13 75.26 OK
r-devel-windows-x86_64 0.2.13 6.00 57.00 63.00 OK
r-patched-linux-x86_64 0.2.13 4.70 35.39 40.09 OK
r-release-linux-x86_64 0.2.13 3.96 35.13 39.09 OK
r-release-macos-arm64 0.2.13 40.00 OK
r-release-macos-x86_64 0.2.13 57.00 OK
r-release-windows-x86_64 0.2.13 6.00 58.00 64.00 OK
r-oldrel-macos-arm64 0.2.13 31.00 NOTE
r-oldrel-macos-x86_64 0.2.13 42.00 NOTE
r-oldrel-windows-x86_64 0.2.13 9.00 68.00 77.00 NOTE

Check Details

Version: 0.2.13
Check: LazyData
Result: NOTE 'LazyData' is specified without a 'data' directory Flavors: r-oldrel-macos-arm64, r-oldrel-macos-x86_64, r-oldrel-windows-x86_64