Last updated on 2025-07-21 12:50:00 CEST.
Flavor | Version | Tinstall | Tcheck | Ttotal | Status | Flags |
---|---|---|---|---|---|---|
r-devel-linux-x86_64-debian-clang | 0.1.2 | 7.17 | 55.56 | 62.73 | OK | |
r-devel-linux-x86_64-debian-gcc | 0.1.2 | 4.70 | 41.38 | 46.08 | OK | |
r-devel-linux-x86_64-fedora-clang | 0.1.2 | 99.51 | NOTE | |||
r-devel-linux-x86_64-fedora-gcc | 0.1.2 | 90.94 | NOTE | |||
r-devel-windows-x86_64 | 0.1.2 | 7.00 | 63.00 | 70.00 | OK | |
r-patched-linux-x86_64 | 0.1.2 | 7.11 | 52.73 | 59.84 | OK | |
r-release-linux-x86_64 | 0.1.2 | 6.23 | 51.93 | 58.16 | OK | |
r-release-macos-arm64 | 0.1.2 | 35.00 | OK | |||
r-release-macos-x86_64 | 0.1.2 | 89.00 | OK | |||
r-release-windows-x86_64 | 0.1.2 | 8.00 | 64.00 | 72.00 | OK | |
r-oldrel-macos-arm64 | 0.1.2 | 31.00 | OK | |||
r-oldrel-macos-x86_64 | 0.1.2 | 42.00 | OK | |||
r-oldrel-windows-x86_64 | 0.1.2 | 11.00 | 79.00 | 90.00 | OK |
Version: 0.1.2
Check: dependencies in R code
Result: NOTE
Namespace in Imports field not imported from: ‘gamlss.dist’
All declared Imports should be used.
Flavors: r-devel-linux-x86_64-fedora-clang, r-devel-linux-x86_64-fedora-gcc