Last updated on 2025-07-19 01:49:05 CEST.
Flavor | Version | Tinstall | Tcheck | Ttotal | Status | Flags |
---|---|---|---|---|---|---|
r-devel-linux-x86_64-debian-clang | 1.3 | 43.01 | 157.14 | 200.15 | OK | |
r-devel-linux-x86_64-debian-gcc | 1.3 | 35.47 | 114.07 | 149.54 | OK | |
r-devel-linux-x86_64-fedora-clang | 1.3 | 297.89 | OK | |||
r-devel-linux-x86_64-fedora-gcc | 1.3 | 308.74 | OK | |||
r-devel-windows-x86_64 | 1.3 | 46.00 | 149.00 | 195.00 | OK | |
r-patched-linux-x86_64 | 1.3 | 45.03 | 148.10 | 193.13 | OK | |
r-release-linux-x86_64 | 1.3 | 44.62 | 148.26 | 192.88 | OK | |
r-release-macos-arm64 | 1.3 | 107.00 | OK | |||
r-release-macos-x86_64 | 1.3 | 189.00 | OK | |||
r-release-windows-x86_64 | 1.3 | 46.00 | 148.00 | 194.00 | OK | |
r-oldrel-macos-arm64 | 1.3 | 108.00 | NOTE | |||
r-oldrel-macos-x86_64 | 1.3 | 194.00 | NOTE | |||
r-oldrel-windows-x86_64 | 1.3 | 60.00 | 194.00 | 254.00 | OK |
Version: 1.3
Check: installed package size
Result: NOTE
installed size is 5.1Mb
sub-directories of 1Mb or more:
data 4.2Mb
Flavors: r-oldrel-macos-arm64, r-oldrel-macos-x86_64