CRAN Package Check Results for Package HTLR

Last updated on 2025-07-19 13:50:14 CEST.

Flavor Version Tinstall Tcheck Ttotal Status Flags
r-devel-linux-x86_64-debian-clang 0.4-4 61.03 73.90 134.93 NOTE --no-vignettes
r-devel-linux-x86_64-debian-gcc 0.4-4 42.59 55.87 98.46 NOTE --no-vignettes
r-devel-linux-x86_64-fedora-clang 0.4-4 693.76 NOTE
r-devel-linux-x86_64-fedora-gcc 0.4-4 1385.97 NOTE
r-devel-windows-x86_64 0.4-4 69.00 338.00 407.00 NOTE
r-patched-linux-x86_64 0.4-4 59.21 69.19 128.40 NOTE --no-vignettes
r-release-linux-x86_64 0.4-4 60.58 69.52 130.10 NOTE --no-vignettes
r-release-macos-arm64 0.4-4 172.00 NOTE
r-release-macos-x86_64 0.4-4 354.00 NOTE
r-release-windows-x86_64 0.4-4 69.00 329.00 398.00 NOTE
r-oldrel-macos-arm64 0.4-4 115.00 NOTE
r-oldrel-macos-x86_64 0.4-4 162.00 NOTE
r-oldrel-windows-x86_64 0.4-4 82.00 375.00 457.00 NOTE

Check Details

Version: 0.4-4
Flags: --no-vignettes
Check: CRAN incoming feasibility
Result: NOTE Maintainer: ‘Longhai Li <longhai@math.usask.ca>’ Package CITATION file contains call(s) to old-style citEntry(). Please use bibentry() instead. The Description field contains Computation and Simulation, 88:14, 2827-2851, <arXiv:1405.3319>. Please refer to arXiv e-prints via their arXiv DOI <doi:10.48550/arXiv.YYMM.NNNNN>. Flavors: r-devel-linux-x86_64-debian-clang, r-devel-linux-x86_64-debian-gcc

Version: 0.4-4
Flags: --no-vignettes
Check: C++ specification
Result: NOTE Specified C++11: please drop specification unless essential Flavors: r-devel-linux-x86_64-debian-clang, r-devel-linux-x86_64-debian-gcc, r-patched-linux-x86_64, r-release-linux-x86_64

Version: 0.4-4
Check: C++ specification
Result: NOTE Specified C++11: please drop specification unless essential Flavors: r-devel-linux-x86_64-fedora-clang, r-devel-linux-x86_64-fedora-gcc, r-devel-windows-x86_64, r-release-macos-arm64, r-release-macos-x86_64, r-release-windows-x86_64, r-oldrel-macos-arm64, r-oldrel-macos-x86_64, r-oldrel-windows-x86_64

Version: 0.4-4
Check: installed package size
Result: NOTE installed size is 5.8Mb sub-directories of 1Mb or more: doc 1.1Mb libs 3.5Mb Flavors: r-oldrel-macos-arm64, r-oldrel-macos-x86_64