CRAN Package Check Results for Package KnockoffScreen

Last updated on 2025-07-19 01:49:07 CEST.

Flavor Version Tinstall Tcheck Ttotal Status Flags
r-devel-linux-x86_64-debian-clang 0.3.0 9.10 84.97 94.07 NOTE
r-devel-linux-x86_64-debian-gcc 0.3.0 6.21 65.92 72.13 NOTE
r-devel-linux-x86_64-fedora-clang 0.3.0 149.34 OK
r-devel-linux-x86_64-fedora-gcc 0.3.0 141.84 OK
r-devel-windows-x86_64 0.3.0 10.00 98.00 108.00 OK
r-patched-linux-x86_64 0.3.0 7.94 79.34 87.28 OK
r-release-linux-x86_64 0.3.0 8.59 80.12 88.71 OK
r-release-macos-arm64 0.3.0 65.00 OK
r-release-macos-x86_64 0.3.0 97.00 OK
r-release-windows-x86_64 0.3.0 11.00 100.00 111.00 OK
r-oldrel-macos-arm64 0.3.0 58.00 OK
r-oldrel-macos-x86_64 0.3.0 92.00 OK
r-oldrel-windows-x86_64 0.3.0 13.00 120.00 133.00 OK

Check Details

Version: 0.3.0
Check: CRAN incoming feasibility
Result: NOTE Maintainer: ‘Zihuai He <zihuai@stanford.edu>’ No Authors@R field in DESCRIPTION. Please add one, modifying Authors@R: person(given = "Zihuai", family = "He", role = c("aut", "cre"), email = "zihuai@stanford.edu") as necessary. Flavors: r-devel-linux-x86_64-debian-clang, r-devel-linux-x86_64-debian-gcc