Last updated on 2025-07-19 01:49:08 CEST.
Flavor | Version | Tinstall | Tcheck | Ttotal | Status | Flags |
---|---|---|---|---|---|---|
r-devel-linux-x86_64-debian-clang | 0.5 | 33.21 | 59.30 | 92.51 | OK | |
r-devel-linux-x86_64-debian-gcc | 0.5 | 25.80 | 45.77 | 71.57 | OK | |
r-devel-linux-x86_64-fedora-clang | 0.5 | 161.93 | OK | |||
r-devel-linux-x86_64-fedora-gcc | 0.5 | 171.03 | OK | |||
r-devel-windows-x86_64 | 0.5 | 40.00 | 99.00 | 139.00 | OK | |
r-patched-linux-x86_64 | 0.5 | 36.44 | 58.00 | 94.44 | OK | |
r-release-linux-x86_64 | 0.5 | 36.11 | 57.95 | 94.06 | OK | |
r-release-macos-arm64 | 0.5 | 51.00 | OK | |||
r-release-macos-x86_64 | 0.5 | 92.00 | OK | |||
r-release-windows-x86_64 | 0.5 | 39.00 | 97.00 | 136.00 | OK | |
r-oldrel-macos-arm64 | 0.5 | 45.00 | NOTE | |||
r-oldrel-macos-x86_64 | 0.5 | 67.00 | NOTE | |||
r-oldrel-windows-x86_64 | 0.5 | 48.00 | 116.00 | 164.00 | OK |
Version: 0.5
Check: installed package size
Result: NOTE
installed size is 5.9Mb
sub-directories of 1Mb or more:
libs 5.4Mb
Flavors: r-oldrel-macos-arm64, r-oldrel-macos-x86_64