Last updated on 2025-07-15 12:49:25 CEST.
Flavor | Version | Tinstall | Tcheck | Ttotal | Status | Flags |
---|---|---|---|---|---|---|
r-devel-linux-x86_64-debian-clang | 0.10.0 | 62.98 | 313.45 | 376.43 | OK | |
r-devel-linux-x86_64-debian-gcc | 0.10.0 | 41.05 | 186.31 | 227.36 | OK | |
r-devel-linux-x86_64-fedora-clang | 0.10.0 | 598.25 | OK | |||
r-devel-linux-x86_64-fedora-gcc | 0.10.0 | 584.59 | OK | |||
r-devel-windows-x86_64 | 0.10.0 | 61.00 | 298.00 | 359.00 | OK | |
r-patched-linux-x86_64 | 0.10.0 | 64.10 | 283.37 | 347.47 | OK | |
r-release-linux-x86_64 | 0.10.0 | 55.23 | 281.57 | 336.80 | OK | |
r-release-macos-arm64 | 0.10.0 | 146.00 | OK | |||
r-release-macos-x86_64 | 0.10.0 | 314.00 | OK | |||
r-release-windows-x86_64 | 0.10.0 | 62.00 | 292.00 | 354.00 | OK | |
r-oldrel-macos-arm64 | 0.10.0 | 149.00 | NOTE | |||
r-oldrel-macos-x86_64 | 0.10.0 | 297.00 | NOTE | |||
r-oldrel-windows-x86_64 | 0.10.0 | 84.00 | 392.00 | 476.00 | OK |
Version: 0.10.0
Check: installed package size
Result: NOTE
installed size is 5.2Mb
sub-directories of 1Mb or more:
libs 3.6Mb
Flavors: r-oldrel-macos-arm64, r-oldrel-macos-x86_64