Last updated on 2025-07-20 01:49:35 CEST.
Flavor | Version | Tinstall | Tcheck | Ttotal | Status | Flags |
---|---|---|---|---|---|---|
r-devel-linux-x86_64-debian-clang | 0.6.3 | 9.62 | 221.99 | 231.61 | NOTE | |
r-devel-linux-x86_64-debian-gcc | 0.6.3 | 6.86 | 153.64 | 160.50 | NOTE | |
r-devel-linux-x86_64-fedora-clang | 0.6.3 | 358.41 | OK | |||
r-devel-linux-x86_64-fedora-gcc | 0.6.3 | 346.74 | OK | |||
r-devel-windows-x86_64 | 0.6.3 | 15.00 | 207.00 | 222.00 | OK | |
r-patched-linux-x86_64 | 0.6.3 | 8.92 | 210.92 | 219.84 | OK | |
r-release-linux-x86_64 | 0.6.3 | 8.94 | 210.28 | 219.22 | OK | |
r-release-macos-arm64 | 0.6.3 | 153.00 | OK | |||
r-release-macos-x86_64 | 0.6.3 | 208.00 | OK | |||
r-release-windows-x86_64 | 0.6.3 | 13.00 | 209.00 | 222.00 | OK | |
r-oldrel-macos-arm64 | 0.6.3 | 107.00 | OK | |||
r-oldrel-macos-x86_64 | 0.6.3 | 158.00 | OK | |||
r-oldrel-windows-x86_64 | 0.6.3 | 18.00 | 278.00 | 296.00 | OK |
Version: 0.6.3
Check: CRAN incoming feasibility
Result: NOTE
Maintainer: ‘Antony Unwin <unwin@math.uni-augsburg.de>’
No Authors@R field in DESCRIPTION.
Please add one, modifying
Authors@R: person(given = "Antony",
family = "Unwin",
role = c("aut", "cre"),
email = "unwin@math.uni-augsburg.de")
as necessary.
Flavors: r-devel-linux-x86_64-debian-clang, r-devel-linux-x86_64-debian-gcc