Last updated on 2025-07-17 12:50:07 CEST.
Flavor | Version | Tinstall | Tcheck | Ttotal | Status | Flags |
---|---|---|---|---|---|---|
r-devel-linux-x86_64-debian-clang | 1.1.4 | 122.58 | 33.12 | 155.70 | OK | |
r-devel-linux-x86_64-debian-gcc | 1.1.4 | 91.06 | 25.64 | 116.70 | OK | |
r-devel-linux-x86_64-fedora-clang | 1.1.4 | 286.63 | OK | |||
r-devel-linux-x86_64-fedora-gcc | 1.1.4 | 284.98 | OK | |||
r-devel-windows-x86_64 | 1.1.4 | 136.00 | 82.00 | 218.00 | OK | |
r-patched-linux-x86_64 | 1.1.4 | 126.42 | 31.35 | 157.77 | OK | |
r-release-linux-x86_64 | 1.1.4 | 124.66 | 31.48 | 156.14 | OK | |
r-release-macos-arm64 | 1.1.4 | 65.00 | OK | |||
r-release-macos-x86_64 | 1.1.4 | 83.00 | OK | |||
r-release-windows-x86_64 | 1.1.4 | 140.00 | 81.00 | 221.00 | OK | |
r-oldrel-macos-arm64 | 1.1.4 | 72.00 | NOTE | |||
r-oldrel-macos-x86_64 | 1.1.4 | 80.00 | NOTE | |||
r-oldrel-windows-x86_64 | 1.1.4 | 162.00 | 89.00 | 251.00 | OK |
Version: 1.1.4
Check: installed package size
Result: NOTE
installed size is 13.0Mb
sub-directories of 1Mb or more:
libs 12.8Mb
Flavors: r-oldrel-macos-arm64, r-oldrel-macos-x86_64