CRAN Package Check Results for Package PosteriorBootstrap

Last updated on 2025-07-21 12:50:11 CEST.

Flavor Version Tinstall Tcheck Ttotal Status Flags
r-devel-linux-x86_64-debian-clang 0.1.2 1.82 451.61 453.43 NOTE
r-devel-linux-x86_64-debian-gcc 0.1.2 1.41 389.28 390.69 NOTE
r-devel-linux-x86_64-fedora-clang 0.1.2 667.58 OK
r-devel-linux-x86_64-fedora-gcc 0.1.2 793.49 OK
r-devel-windows-x86_64 0.1.2 3.00 60.00 63.00 OK
r-patched-linux-x86_64 0.1.2 2.04 510.11 512.15 OK
r-release-linux-x86_64 0.1.2 1.69 489.23 490.92 OK
r-release-macos-arm64 0.1.2 340.00 OK
r-release-macos-x86_64 0.1.2 872.00 OK
r-release-windows-x86_64 0.1.2 3.00 61.00 64.00 OK
r-oldrel-macos-arm64 0.1.2 245.00 OK
r-oldrel-macos-x86_64 0.1.2 453.00 OK
r-oldrel-windows-x86_64 0.1.2 4.00 68.00 72.00 OK

Check Details

Version: 0.1.2
Check: CRAN incoming feasibility
Result: NOTE Maintainer: ‘James Robinson <james.em.robinson@gmail.com>’ The Description field contains <arXiv:1806.11544>. Please refer to arXiv e-prints via their arXiv DOI <doi:10.48550/arXiv.YYMM.NNNNN>. Flavors: r-devel-linux-x86_64-debian-clang, r-devel-linux-x86_64-debian-gcc