Last updated on 2025-07-21 12:50:12 CEST.
Flavor | Version | Tinstall | Tcheck | Ttotal | Status | Flags |
---|---|---|---|---|---|---|
r-devel-linux-x86_64-debian-clang | 1.0.4.6 | 2000.12 | 201.74 | 2201.86 | OK | |
r-devel-linux-x86_64-debian-gcc | 1.0.4.6 | 1795.78 | 282.07 | 2077.85 | OK | |
r-devel-linux-x86_64-fedora-clang | 1.0.4.6 | 3288.59 | OK | |||
r-devel-linux-x86_64-fedora-gcc | 1.0.4.6 | 3435.79 | OK | |||
r-devel-windows-x86_64 | 1.0.4.6 | 2117.00 | 413.00 | 2530.00 | OK | |
r-patched-linux-x86_64 | 1.0.4.6 | 2255.01 | 391.53 | 2646.54 | OK | |
r-release-linux-x86_64 | 1.0.4.6 | 2289.70 | 390.49 | 2680.19 | OK | |
r-release-macos-arm64 | 1.0.4.6 | 852.00 | OK | |||
r-release-macos-x86_64 | 1.0.4.6 | 798.00 | OK | |||
r-release-windows-x86_64 | 1.0.4.6 | 2026.00 | 384.00 | 2410.00 | OK | |
r-oldrel-macos-arm64 | 1.0.4.6 | 684.00 | NOTE | |||
r-oldrel-macos-x86_64 | 1.0.4.6 | 902.00 | NOTE | |||
r-oldrel-windows-x86_64 | 1.0.4.6 | 2331.00 | 458.00 | 2789.00 | NOTE |
Version: 1.0.4.6
Check: installed package size
Result: NOTE
installed size is 227.0Mb
sub-directories of 1Mb or more:
libs 225.8Mb
Flavors: r-oldrel-macos-arm64, r-oldrel-macos-x86_64, r-oldrel-windows-x86_64
Version: 1.0.4.6
Check: for GNU extensions in Makefiles
Result: NOTE
GNU make is a SystemRequirements.
Flavors: r-oldrel-macos-arm64, r-oldrel-macos-x86_64, r-oldrel-windows-x86_64