CRAN Package Check Results for Package R.matlab

Last updated on 2025-07-18 12:49:25 CEST.

Flavor Version Tinstall Tcheck Ttotal Status Flags
r-devel-linux-x86_64-debian-clang 3.7.0 5.10 52.97 58.07 NOTE
r-devel-linux-x86_64-debian-gcc 3.7.0 3.32 37.49 40.81 NOTE
r-devel-linux-x86_64-fedora-clang 3.7.0 91.70 NOTE
r-devel-linux-x86_64-fedora-gcc 3.7.0 87.27 NOTE
r-devel-windows-x86_64 3.7.0 6.00 740.00 746.00 NOTE
r-patched-linux-x86_64 3.7.0 5.33 50.45 55.78 NOTE
r-release-linux-x86_64 3.7.0 4.62 50.22 54.84 NOTE
r-release-macos-arm64 3.7.0 32.00 NOTE
r-release-macos-x86_64 3.7.0 50.00 NOTE
r-release-windows-x86_64 3.7.0 5.00 740.00 745.00 NOTE
r-oldrel-macos-arm64 3.7.0 30.00 NOTE
r-oldrel-macos-x86_64 3.7.0 41.00 NOTE
r-oldrel-windows-x86_64 3.7.0 6.00 1049.00 1055.00 NOTE

Check Details

Version: 3.7.0
Check: Rd files
Result: NOTE checkRd: (-1) setOption.Matlab.Rd:37-39: Lost braces in \itemize; meant \describe ? checkRd: (-1) setOption.Matlab.Rd:40-41: Lost braces in \itemize; meant \describe ? Flavors: r-devel-linux-x86_64-debian-clang, r-devel-linux-x86_64-debian-gcc, r-devel-linux-x86_64-fedora-clang, r-devel-linux-x86_64-fedora-gcc, r-devel-windows-x86_64, r-patched-linux-x86_64, r-release-linux-x86_64, r-release-macos-arm64, r-release-macos-x86_64, r-release-windows-x86_64, r-oldrel-macos-arm64, r-oldrel-macos-x86_64, r-oldrel-windows-x86_64