CRAN Package Check Results for Package RFormatter

Last updated on 2025-07-19 01:49:13 CEST.

Flavor Version Tinstall Tcheck Ttotal Status Flags
r-devel-linux-x86_64-debian-clang 0.1.1 1.70 18.42 20.12 OK
r-devel-linux-x86_64-debian-gcc 0.1.1 1.44 16.03 17.47 OK
r-devel-linux-x86_64-fedora-clang 0.1.1 31.42 OK
r-devel-linux-x86_64-fedora-gcc 0.1.1 29.92 OK
r-devel-windows-x86_64 0.1.1 3.00 39.00 42.00 OK
r-patched-linux-x86_64 0.1.1 1.65 17.78 19.43 OK
r-release-linux-x86_64 0.1.1 1.66 17.57 19.23 OK
r-release-macos-arm64 0.1.1 15.00 OK
r-release-macos-x86_64 0.1.1 24.00 OK
r-release-windows-x86_64 0.1.1 2.00 38.00 40.00 OK
r-oldrel-macos-arm64 0.1.1 15.00 NOTE
r-oldrel-macos-x86_64 0.1.1 21.00 NOTE
r-oldrel-windows-x86_64 0.1.1 3.00 44.00 47.00 NOTE

Check Details

Version: 0.1.1
Check: LazyData
Result: NOTE 'LazyData' is specified without a 'data' directory Flavors: r-oldrel-macos-arm64, r-oldrel-macos-x86_64, r-oldrel-windows-x86_64