Last updated on 2025-07-20 01:49:39 CEST.
Flavor | Version | Tinstall | Tcheck | Ttotal | Status | Flags |
---|---|---|---|---|---|---|
r-devel-linux-x86_64-debian-clang | 0.7.5 | 13.04 | 93.72 | 106.76 | NOTE | |
r-devel-linux-x86_64-debian-gcc | 0.7.5 | 8.55 | 70.15 | 78.70 | NOTE | |
r-devel-linux-x86_64-fedora-clang | 0.7.5 | 168.06 | OK | |||
r-devel-linux-x86_64-fedora-gcc | 0.7.5 | 172.65 | OK | |||
r-devel-windows-x86_64 | 0.7.5 | 13.00 | 101.00 | 114.00 | NOTE | |
r-patched-linux-x86_64 | 0.7.5 | 12.23 | 90.51 | 102.74 | NOTE | |
r-release-linux-x86_64 | 0.7.5 | 12.02 | 90.04 | 102.06 | NOTE | |
r-release-macos-arm64 | 0.7.5 | 58.00 | OK | |||
r-release-macos-x86_64 | 0.7.5 | 112.00 | OK | |||
r-release-windows-x86_64 | 0.7.5 | 13.00 | 99.00 | 112.00 | NOTE | |
r-oldrel-macos-arm64 | 0.7.5 | 53.00 | OK | |||
r-oldrel-macos-x86_64 | 0.7.5 | 78.00 | OK | |||
r-oldrel-windows-x86_64 | 0.7.5 | 17.00 | 126.00 | 143.00 | OK |
Version: 0.7.5
Check: Rd cross-references
Result: NOTE
Found the following Rd file(s) with Rd \link{} targets missing package
anchors:
RRmixed.Rd: lme4, glmer
Please provide package anchors for all Rd \link{} targets not in the
package itself and the base packages.
Flavors: r-devel-linux-x86_64-debian-clang, r-devel-linux-x86_64-debian-gcc, r-devel-windows-x86_64, r-patched-linux-x86_64, r-release-linux-x86_64, r-release-windows-x86_64