Last updated on 2025-07-17 12:50:11 CEST.
Flavor | Version | Tinstall | Tcheck | Ttotal | Status | Flags |
---|---|---|---|---|---|---|
r-devel-linux-x86_64-debian-clang | 1.1.4 | 81.59 | 415.17 | 496.76 | OK | |
r-devel-linux-x86_64-debian-gcc | 1.1.4 | 59.95 | 272.43 | 332.38 | OK | |
r-devel-linux-x86_64-fedora-clang | 1.1.4 | 800.15 | OK | |||
r-devel-linux-x86_64-fedora-gcc | 1.1.4 | 781.41 | OK | |||
r-devel-windows-x86_64 | 1.1.4 | 82.00 | 417.00 | 499.00 | OK | |
r-patched-linux-x86_64 | 1.1.4 | 80.80 | 384.64 | 465.44 | OK | |
r-release-linux-x86_64 | 1.1.4 | 75.04 | 379.84 | 454.88 | OK | |
r-release-macos-arm64 | 1.1.4 | 202.00 | OK | |||
r-release-macos-x86_64 | 1.1.4 | 383.00 | OK | |||
r-release-windows-x86_64 | 1.1.4 | 85.00 | 399.00 | 484.00 | OK | |
r-oldrel-macos-arm64 | 1.1.4 | 193.00 | NOTE | |||
r-oldrel-macos-x86_64 | 1.1.4 | 272.00 | NOTE | |||
r-oldrel-windows-x86_64 | 1.1.4 | 109.00 | 523.00 | 632.00 | OK |
Version: 1.1.4
Check: installed package size
Result: NOTE
installed size is 7.7Mb
sub-directories of 1Mb or more:
doc 1.4Mb
libs 5.7Mb
Flavors: r-oldrel-macos-arm64, r-oldrel-macos-x86_64