Last updated on 2025-07-17 12:50:11 CEST.
Flavor | Version | Tinstall | Tcheck | Ttotal | Status | Flags |
---|---|---|---|---|---|---|
r-devel-linux-x86_64-debian-clang | 0.1.1 | 116.18 | 45.41 | 161.59 | OK | |
r-devel-linux-x86_64-debian-gcc | 0.1.1 | 77.92 | 34.03 | 111.95 | OK | |
r-devel-linux-x86_64-fedora-clang | 0.1.1 | 311.41 | OK | |||
r-devel-linux-x86_64-fedora-gcc | 0.1.1 | 263.52 | OK | |||
r-devel-windows-x86_64 | 0.1.1 | 128.00 | 87.00 | 215.00 | OK | |
r-patched-linux-x86_64 | 0.1.1 | 109.97 | 41.28 | 151.25 | OK | |
r-release-linux-x86_64 | 0.1.1 | 107.37 | 41.44 | 148.81 | OK | |
r-release-macos-arm64 | 0.1.1 | 60.00 | OK | |||
r-release-macos-x86_64 | 0.1.1 | 93.00 | OK | |||
r-release-windows-x86_64 | 0.1.1 | 130.00 | 86.00 | 216.00 | OK | |
r-oldrel-macos-arm64 | 0.1.1 | 63.00 | NOTE | |||
r-oldrel-macos-x86_64 | 0.1.1 | 76.00 | NOTE | |||
r-oldrel-windows-x86_64 | 0.1.1 | 151.00 | 103.00 | 254.00 | OK |
Version: 0.1.1
Check: installed package size
Result: NOTE
installed size is 5.3Mb
sub-directories of 1Mb or more:
libs 5.0Mb
Flavors: r-oldrel-macos-arm64, r-oldrel-macos-x86_64