Last updated on 2025-07-21 12:50:18 CEST.
Flavor | Version | Tinstall | Tcheck | Ttotal | Status | Flags |
---|---|---|---|---|---|---|
r-devel-linux-x86_64-debian-clang | 1.0.0 | 10.45 | 126.17 | 136.62 | NOTE | |
r-devel-linux-x86_64-debian-gcc | 1.0.0 | 7.38 | 94.65 | 102.03 | NOTE | |
r-devel-linux-x86_64-fedora-clang | 1.0.0 | 208.78 | NOTE | |||
r-devel-linux-x86_64-fedora-gcc | 1.0.0 | 219.28 | NOTE | |||
r-devel-windows-x86_64 | 1.0.0 | 10.00 | 136.00 | 146.00 | NOTE | |
r-patched-linux-x86_64 | 1.0.0 | 10.85 | 120.52 | 131.37 | NOTE | |
r-release-linux-x86_64 | 1.0.0 | 8.42 | 121.60 | 130.02 | NOTE | |
r-release-macos-arm64 | 1.0.0 | 66.00 | NOTE | |||
r-release-macos-x86_64 | 1.0.0 | 120.00 | NOTE | |||
r-release-windows-x86_64 | 1.0.0 | 9.00 | 145.00 | 154.00 | NOTE | |
r-oldrel-macos-arm64 | 1.0.0 | 65.00 | NOTE | |||
r-oldrel-macos-x86_64 | 1.0.0 | 95.00 | NOTE | |||
r-oldrel-windows-x86_64 | 1.0.0 | 14.00 | 173.00 | 187.00 | NOTE |
Version: 1.0.0
Check: CRAN incoming feasibility
Result: NOTE
Maintainer: ‘Silvana M. Pesenti <swimpackage@gmail.com>’
Package CITATION file contains call(s) to old-style personList() or
as.personList(). Please use c() on person objects instead.
Package CITATION file contains call(s) to old-style citEntry(). Please
use bibentry() instead.
Flavors: r-devel-linux-x86_64-debian-clang, r-devel-linux-x86_64-debian-gcc
Version: 1.0.0
Check: package subdirectories
Result: NOTE
Problems with news in ‘NEWS.md’:
Cannot extract version info from the following section titles:
Additional functions and data sets
Amendments to functions
Flavors: r-devel-linux-x86_64-debian-clang, r-devel-linux-x86_64-debian-gcc, r-devel-linux-x86_64-fedora-clang, r-devel-linux-x86_64-fedora-gcc, r-devel-windows-x86_64, r-patched-linux-x86_64, r-release-linux-x86_64, r-release-macos-arm64, r-release-macos-x86_64, r-release-windows-x86_64, r-oldrel-macos-arm64, r-oldrel-macos-x86_64, r-oldrel-windows-x86_64