Last updated on 2025-07-25 12:50:18 CEST.
Flavor | Version | Tinstall | Tcheck | Ttotal | Status | Flags |
---|---|---|---|---|---|---|
r-devel-linux-x86_64-debian-clang | 1.0.4 | 46.65 | 197.63 | 244.28 | OK | |
r-devel-linux-x86_64-debian-gcc | 1.0.4 | 33.61 | 133.86 | 167.47 | OK | |
r-devel-linux-x86_64-fedora-clang | 1.0.4 | 441.67 | OK | |||
r-devel-linux-x86_64-fedora-gcc | 1.0.4 | 395.56 | OK | |||
r-devel-windows-x86_64 | 1.0.4 | 49.00 | 386.00 | 435.00 | OK | |
r-patched-linux-x86_64 | 1.0.4 | 45.31 | 189.64 | 234.95 | OK | |
r-release-linux-x86_64 | 1.0.4 | 43.36 | 186.16 | 229.52 | OK | |
r-release-macos-arm64 | 1.0.4 | 91.00 | OK | |||
r-release-macos-x86_64 | 1.0.4 | 179.00 | OK | |||
r-release-windows-x86_64 | 1.0.4 | 48.00 | 204.00 | 252.00 | OK | |
r-oldrel-macos-arm64 | 1.0.4 | 101.00 | NOTE | |||
r-oldrel-macos-x86_64 | 206.00 | NOTE | ||||
r-oldrel-windows-x86_64 | 1.0.4 | 62.00 | 273.00 | 335.00 | NOTE |
Version: 1.0.4
Check: installed package size
Result: NOTE
installed size is 8.3Mb
sub-directories of 1Mb or more:
extdata 5.9Mb
libs 2.0Mb
Flavors: r-oldrel-macos-arm64, r-oldrel-macos-x86_64, r-oldrel-windows-x86_64