Last updated on 2025-07-20 01:49:43 CEST.
Flavor | Version | Tinstall | Tcheck | Ttotal | Status | Flags |
---|---|---|---|---|---|---|
r-devel-linux-x86_64-debian-clang | 1.1.0 | 36.80 | 125.23 | 162.03 | NOTE | |
r-devel-linux-x86_64-debian-gcc | 1.1.0 | 28.21 | 95.78 | 123.99 | NOTE | |
r-devel-linux-x86_64-fedora-clang | 1.1.0 | 269.70 | NOTE | |||
r-devel-linux-x86_64-fedora-gcc | 1.1.0 | 269.04 | NOTE | |||
r-devel-windows-x86_64 | 1.1.0 | 46.00 | 146.00 | 192.00 | NOTE | |
r-patched-linux-x86_64 | 1.1.0 | 40.46 | 121.99 | 162.45 | NOTE | |
r-release-linux-x86_64 | 1.1.0 | 39.18 | 122.19 | 161.37 | NOTE | |
r-release-macos-arm64 | 1.1.0 | 115.00 | NOTE | |||
r-release-macos-x86_64 | 1.1.0 | 141.00 | NOTE | |||
r-release-windows-x86_64 | 1.1.0 | 47.00 | 276.00 | 323.00 | NOTE | |
r-oldrel-macos-arm64 | 1.1.0 | 74.00 | NOTE | |||
r-oldrel-macos-x86_64 | 1.1.0 | 110.00 | NOTE | |||
r-oldrel-windows-x86_64 | 1.1.0 | 56.00 | 340.00 | 396.00 | NOTE |
Version: 1.1.0
Check: CRAN incoming feasibility
Result: NOTE
Maintainer: ‘Peter Laurinec <tsreprpackage@gmail.com>’
Package CITATION file contains call(s) to old-style citEntry(). Please
use bibentry() instead.
Flavors: r-devel-linux-x86_64-debian-clang, r-devel-linux-x86_64-debian-gcc
Version: 1.1.0
Check: Rd files
Result: NOTE
checkRd: (-1) repr_dwt.Rd:28: Lost braces; missing escapes or markup?
28 | The final representation has length equal to floor(n / 2^{level}), where n is a length of original time series.
| ^
Flavors: r-devel-linux-x86_64-debian-clang, r-devel-linux-x86_64-debian-gcc, r-devel-linux-x86_64-fedora-clang, r-devel-linux-x86_64-fedora-gcc, r-devel-windows-x86_64, r-patched-linux-x86_64, r-release-linux-x86_64, r-release-macos-arm64, r-release-macos-x86_64, r-release-windows-x86_64, r-oldrel-macos-arm64, r-oldrel-macos-x86_64, r-oldrel-windows-x86_64