CRAN Package Check Results for Package TableHC

Last updated on 2025-07-25 12:50:20 CEST.

Flavor Version Tinstall Tcheck Ttotal Status Flags
r-devel-linux-x86_64-debian-clang 0.1.2 1.64 22.10 23.74 NOTE
r-devel-linux-x86_64-debian-gcc 0.1.2 1.41 18.03 19.44 NOTE
r-devel-linux-x86_64-fedora-clang 0.1.2 37.63 OK
r-devel-linux-x86_64-fedora-gcc 0.1.2 50.15 OK
r-devel-windows-x86_64 0.1.2 3.00 44.00 47.00 OK
r-patched-linux-x86_64 0.1.2 1.69 20.45 22.14 OK
r-release-linux-x86_64 0.1.2 1.33 20.43 21.76 OK
r-release-macos-arm64 0.1.2 22.00 OK
r-release-macos-x86_64 0.1.2 39.00 OK
r-release-windows-x86_64 0.1.2 3.00 171.00 174.00 OK
r-oldrel-macos-arm64 0.1.2 21.00 OK
r-oldrel-macos-x86_64 0.1.2 30.00 OK
r-oldrel-windows-x86_64 0.1.2 4.00 219.00 223.00 OK

Check Details

Version: 0.1.2
Check: CRAN incoming feasibility
Result: NOTE Maintainer: ‘Alon Kipnis <kipnisal@stanford.edu>’ No Authors@R field in DESCRIPTION. Please add one, modifying Authors@R: person(given = "Alon", family = "Kipnis", role = c("aut", "cre"), email = "kipnisal@stanford.edu") as necessary. The Description field contains frequency tables described in Kipnis (2019) <arXiv:1911.01208>. Please refer to arXiv e-prints via their arXiv DOI <doi:10.48550/arXiv.YYMM.NNNNN>. Flavors: r-devel-linux-x86_64-debian-clang, r-devel-linux-x86_64-debian-gcc