CRAN Package Check Results for Package TidyMultiqc

Last updated on 2025-07-25 12:50:20 CEST.

Flavor Version Tinstall Tcheck Ttotal Status Flags
r-devel-linux-x86_64-debian-clang 1.0.3 2.45 50.77 53.22 NOTE
r-devel-linux-x86_64-debian-gcc 1.0.3 2.00 38.60 40.60 NOTE
r-devel-linux-x86_64-fedora-clang 1.0.3 82.54 OK
r-devel-linux-x86_64-fedora-gcc 1.0.3 91.26 OK
r-devel-windows-x86_64 1.0.3 4.00 75.00 79.00 OK
r-patched-linux-x86_64 1.0.3 2.81 47.98 50.79 OK
r-release-linux-x86_64 1.0.3 2.64 48.24 50.88 OK
r-release-macos-arm64 1.0.3 39.00 OK
r-release-macos-x86_64 1.0.3 76.00 OK
r-release-windows-x86_64 1.0.3 4.00 71.00 75.00 OK
r-oldrel-macos-arm64 1.0.3 32.00 OK
r-oldrel-macos-x86_64 1.0.3 50.00 OK
r-oldrel-windows-x86_64 1.0.3 5.00 83.00 88.00 OK

Check Details

Version: 1.0.3
Check: CRAN incoming feasibility
Result: NOTE Maintainer: ‘Michael Milton <michael.r.milton@gmail.com>’ No Authors@R field in DESCRIPTION. Please add one, modifying Authors@R: person(given = "Michael", family = "Milton", role = c("aut", "cre"), email = "michael.r.milton@gmail.com") as necessary. Flavors: r-devel-linux-x86_64-debian-clang, r-devel-linux-x86_64-debian-gcc