CRAN Package Check Results for Package VOSONDash

Last updated on 2025-07-21 12:50:20 CEST.

Flavor Version Tinstall Tcheck Ttotal Status Flags
r-devel-linux-x86_64-debian-clang 0.5.7 5.76 47.31 53.07 NOTE
r-devel-linux-x86_64-debian-gcc 0.5.7 4.23 34.84 39.07 NOTE
r-devel-linux-x86_64-fedora-clang 0.5.7 81.55 OK
r-devel-linux-x86_64-fedora-gcc 0.5.7 76.48 OK
r-devel-windows-x86_64 0.5.7 8.00 64.00 72.00 OK
r-patched-linux-x86_64 0.5.7 5.18 41.43 46.61 OK
r-release-linux-x86_64 0.5.7 5.66 41.00 46.66 OK
r-release-macos-arm64 0.5.7 28.00 OK
r-release-macos-x86_64 0.5.7 45.00 OK
r-release-windows-x86_64 0.5.7 9.00 66.00 75.00 OK
r-oldrel-macos-arm64 0.5.7 29.00 OK
r-oldrel-macos-x86_64 0.5.7 43.00 OK
r-oldrel-windows-x86_64 0.5.7 10.00 77.00 87.00 OK

Check Details

Version: 0.5.7
Check: CRAN incoming feasibility
Result: NOTE Maintainer: ‘Bryan Gertzel <bryan.gertzel@anu.edu.au>’ No Authors@R field in DESCRIPTION. Please add one, modifying Authors@R: c(person(given = "Bryan", family = "Gertzel", role = c("aut", "cre"), email = "bryan.gertzel@anu.edu.au"), person(given = "Robert", family = "Ackland", role = "aut")) as necessary. Flavors: r-devel-linux-x86_64-debian-clang, r-devel-linux-x86_64-debian-gcc