CRAN Package Check Results for Package ZINARp

Last updated on 2025-07-22 13:49:28 CEST.

Flavor Version Tinstall Tcheck Ttotal Status Flags
r-devel-linux-x86_64-debian-clang 0.1.0 2.22 27.24 29.46 OK
r-devel-linux-x86_64-debian-gcc 0.1.0 1.62 20.45 22.07 OK
r-devel-linux-x86_64-fedora-clang 0.1.0 46.73 NOTE
r-devel-linux-x86_64-fedora-gcc 0.1.0 44.57 NOTE
r-devel-windows-x86_64 0.1.0 4.00 44.00 48.00 OK
r-patched-linux-x86_64 0.1.0 2.03 24.86 26.89 OK
r-release-linux-x86_64 0.1.0 1.99 25.27 27.26 OK
r-release-macos-arm64 0.1.0 26.00 OK
r-release-macos-x86_64 0.1.0 29.00 OK
r-release-windows-x86_64 0.1.0 3.00 46.00 49.00 OK
r-oldrel-macos-arm64 0.1.0 18.00 OK
r-oldrel-macos-x86_64 0.1.0 28.00 OK
r-oldrel-windows-x86_64 0.1.0 4.00 53.00 57.00 OK

Check Details

Version: 0.1.0
Check: dependencies in R code
Result: NOTE Namespace in Imports field not imported from: ‘utils’ All declared Imports should be used. Flavors: r-devel-linux-x86_64-fedora-clang, r-devel-linux-x86_64-fedora-gcc