Last updated on 2025-07-18 12:49:10 CEST.
Flavor | Version | Tinstall | Tcheck | Ttotal | Status | Flags |
---|---|---|---|---|---|---|
r-devel-linux-x86_64-debian-clang | 1.2.7 | 9.67 | 108.76 | 118.43 | NOTE | |
r-devel-linux-x86_64-debian-gcc | 1.2.7 | 8.14 | 78.07 | 86.21 | NOTE | |
r-devel-linux-x86_64-fedora-clang | 1.2.8 | 187.26 | OK | |||
r-devel-linux-x86_64-fedora-gcc | 1.2.8 | 209.47 | OK | |||
r-devel-windows-x86_64 | 1.2.7 | 13.00 | 112.00 | 125.00 | OK | |
r-patched-linux-x86_64 | 1.2.7 | 10.59 | 100.93 | 111.52 | OK | |
r-release-linux-x86_64 | 1.2.7 | 8.33 | 100.83 | 109.16 | OK | |
r-release-macos-arm64 | 1.2.8 | 53.00 | OK | |||
r-release-macos-x86_64 | 1.2.8 | 138.00 | OK | |||
r-release-windows-x86_64 | 1.2.8 | 11.00 | 125.00 | 136.00 | OK | |
r-oldrel-macos-arm64 | 1.2.8 | 58.00 | OK | |||
r-oldrel-macos-x86_64 | 1.2.8 | 130.00 | OK | |||
r-oldrel-windows-x86_64 | 1.2.8 | 11.00 | 141.00 | 152.00 | OK |
Version: 1.2.7
Check: CRAN incoming feasibility
Result: NOTE
Maintainer: ‘Michael Hahsler <mhahsler@lyle.smu.edu>’
The BugReports field in DESCRIPTION has
https://github.com/mhahsler/arulesCBA
which should likely be
https://github.com/mhahsler/arulesCBA/issues
instead.
Flavors: r-devel-linux-x86_64-debian-clang, r-devel-linux-x86_64-debian-gcc