Last updated on 2025-07-17 12:49:53 CEST.
Flavor | Version | Tinstall | Tcheck | Ttotal | Status | Flags |
---|---|---|---|---|---|---|
r-devel-linux-x86_64-debian-clang | 2.1.3 | 16.13 | 169.11 | 185.24 | OK | |
r-devel-linux-x86_64-debian-gcc | 2.1.3 | 10.34 | 120.56 | 130.90 | OK | |
r-devel-linux-x86_64-fedora-clang | 2.1.3 | 301.98 | OK | |||
r-devel-linux-x86_64-fedora-gcc | 2.1.3 | 316.16 | OK | |||
r-devel-windows-x86_64 | 2.1.3 | 17.00 | 177.00 | 194.00 | OK | |
r-patched-linux-x86_64 | 2.1.3 | 14.12 | 158.44 | 172.56 | OK | |
r-release-linux-x86_64 | 2.1.3 | 14.48 | 158.55 | 173.03 | OK | |
r-release-macos-arm64 | 2.1.3 | 87.00 | OK | |||
r-release-macos-x86_64 | 2.1.3 | 163.00 | OK | |||
r-release-windows-x86_64 | 2.1.3 | 18.00 | 197.00 | 215.00 | OK | |
r-oldrel-macos-arm64 | 2.1.3 | 97.00 | NOTE | |||
r-oldrel-macos-x86_64 | 2.1.3 | 171.00 | NOTE | |||
r-oldrel-windows-x86_64 | 2.1.3 | 22.00 | 237.00 | 259.00 | NOTE |
Version: 2.1.3
Check: installed package size
Result: NOTE
installed size is 7.7Mb
sub-directories of 1Mb or more:
doc 4.3Mb
help 2.2Mb
Flavors: r-oldrel-macos-arm64, r-oldrel-macos-x86_64, r-oldrel-windows-x86_64