Last updated on 2025-07-22 13:49:09 CEST.
Flavor | Version | Tinstall | Tcheck | Ttotal | Status | Flags |
---|---|---|---|---|---|---|
r-devel-linux-x86_64-debian-clang | 0.8.2 | 381.12 | 540.70 | 921.82 | OK | |
r-devel-linux-x86_64-debian-gcc | 0.8.2 | 365.32 | 396.88 | 762.20 | OK | |
r-devel-linux-x86_64-fedora-clang | 0.8.2 | 1635.90 | OK | |||
r-devel-linux-x86_64-fedora-gcc | 0.8.2 | 1975.76 | OK | |||
r-devel-windows-x86_64 | 0.8.2 | 482.00 | 481.00 | 963.00 | OK | |
r-patched-linux-x86_64 | 0.8.2 | 408.90 | 561.67 | 970.57 | OK | |
r-release-linux-x86_64 | 0.8.2 | 515.47 | 558.00 | 1073.47 | OK | |
r-release-macos-arm64 | 0.8.2 | 395.00 | OK | |||
r-release-macos-x86_64 | 0.8.2 | 348.00 | OK | |||
r-release-windows-x86_64 | 0.8.2 | 427.00 | 493.00 | 920.00 | OK | |
r-oldrel-macos-arm64 | 0.8.2 | 271.00 | NOTE | |||
r-oldrel-macos-x86_64 | 0.8.2 | 385.00 | NOTE | |||
r-oldrel-windows-x86_64 | 0.8.2 | 527.00 | 691.00 | 1218.00 | NOTE |
Version: 0.8.2
Check: package dependencies
Result: NOTE
Package suggested but not available for checking: ‘INLA’
Flavors: r-oldrel-macos-arm64, r-oldrel-macos-x86_64
Version: 0.8.2
Check: installed package size
Result: NOTE
installed size is 106.2Mb
sub-directories of 1Mb or more:
libs 102.8Mb
Flavors: r-oldrel-macos-arm64, r-oldrel-macos-x86_64, r-oldrel-windows-x86_64
Version: 0.8.2
Check: for GNU extensions in Makefiles
Result: NOTE
GNU make is a SystemRequirements.
Flavors: r-oldrel-macos-arm64, r-oldrel-macos-x86_64, r-oldrel-windows-x86_64