Last updated on 2025-07-20 01:49:24 CEST.
Flavor | Version | Tinstall | Tcheck | Ttotal | Status | Flags |
---|---|---|---|---|---|---|
r-devel-linux-x86_64-debian-clang | 0.1.5 | 15.72 | 70.53 | 86.25 | NOTE | |
r-devel-linux-x86_64-debian-gcc | 0.1.5 | 12.07 | 50.76 | 62.83 | NOTE | |
r-devel-linux-x86_64-fedora-clang | 0.1.5 | 142.78 | OK | |||
r-devel-linux-x86_64-fedora-gcc | 0.1.5 | 131.09 | OK | |||
r-devel-windows-x86_64 | 0.1.5 | 22.00 | 93.00 | 115.00 | OK | |
r-patched-linux-x86_64 | 0.1.5 | 16.92 | 65.67 | 82.59 | OK | |
r-release-linux-x86_64 | 0.1.5 | 17.58 | 66.46 | 84.04 | OK | |
r-release-macos-arm64 | 0.1.5 | 43.00 | OK | |||
r-release-macos-x86_64 | 0.1.5 | 77.00 | OK | |||
r-release-windows-x86_64 | 0.1.5 | 23.00 | 90.00 | 113.00 | OK | |
r-oldrel-macos-arm64 | 0.1.5 | 43.00 | OK | |||
r-oldrel-macos-x86_64 | 0.1.5 | 59.00 | OK | |||
r-oldrel-windows-x86_64 | 0.1.5 | 27.00 | 117.00 | 144.00 | OK |
Version: 0.1.5
Check: CRAN incoming feasibility
Result: NOTE
Maintainer: ‘Marvin N. Wright <marv@wrig.de>’
No Authors@R field in DESCRIPTION.
Please add one, modifying
Authors@R: person(given = c("Marvin", "N."),
family = "Wright",
role = c("aut", "cre"),
email = "marv@wrig.de")
as necessary.
Flavors: r-devel-linux-x86_64-debian-clang, r-devel-linux-x86_64-debian-gcc