Last updated on 2025-07-22 13:49:09 CEST.
Flavor | Version | Tinstall | Tcheck | Ttotal | Status | Flags |
---|---|---|---|---|---|---|
r-devel-linux-x86_64-debian-clang | 0.2.4 | 32.40 | 147.63 | 180.03 | OK | |
r-devel-linux-x86_64-debian-gcc | 0.2.4 | 27.60 | 87.13 | 114.73 | OK | |
r-devel-linux-x86_64-fedora-clang | 0.2.4 | 281.93 | OK | |||
r-devel-linux-x86_64-fedora-gcc | 0.2.4 | 317.67 | OK | |||
r-devel-windows-x86_64 | 0.2.4 | 43.00 | 179.00 | 222.00 | OK | |
r-patched-linux-x86_64 | 0.2.4 | 36.98 | 133.80 | 170.78 | OK | |
r-release-linux-x86_64 | 0.2.4 | 36.62 | 132.56 | 169.18 | OK | |
r-release-macos-arm64 | 0.2.4 | 95.00 | OK | |||
r-release-macos-x86_64 | 0.2.4 | 182.00 | OK | |||
r-release-windows-x86_64 | 0.2.4 | 43.00 | 177.00 | 220.00 | OK | |
r-oldrel-macos-arm64 | 0.2.4 | 83.00 | NOTE | |||
r-oldrel-macos-x86_64 | 0.2.4 | 169.00 | NOTE | |||
r-oldrel-windows-x86_64 | 0.2.4 | 50.00 | 235.00 | 285.00 | OK |
Version: 0.2.4
Check: installed package size
Result: NOTE
installed size is 6.6Mb
sub-directories of 1Mb or more:
libs 6.4Mb
Flavors: r-oldrel-macos-arm64, r-oldrel-macos-x86_64