CRAN Package Check Results for Package choplump

Last updated on 2025-07-19 13:50:07 CEST.

Flavor Version Tinstall Tcheck Ttotal Status Flags
r-devel-linux-x86_64-debian-clang 1.1.2 2.21 62.40 64.61 NOTE
r-devel-linux-x86_64-debian-gcc 1.1.2 1.76 41.86 43.62 NOTE
r-devel-linux-x86_64-fedora-clang 1.1.2 107.41 OK
r-devel-linux-x86_64-fedora-gcc 1.1.2 118.66 OK
r-devel-windows-x86_64 1.1.2 3.00 84.00 87.00 OK
r-patched-linux-x86_64 1.1.2 2.05 56.97 59.02 OK
r-release-linux-x86_64 1.1.2 2.01 58.06 60.07 OK
r-release-macos-arm64 1.1.2 34.00 OK
r-release-macos-x86_64 1.1.2 75.00 OK
r-release-windows-x86_64 1.1.2 3.00 86.00 89.00 OK
r-oldrel-macos-arm64 1.1.2 37.00 OK
r-oldrel-macos-x86_64 1.1.2 55.00 OK
r-oldrel-windows-x86_64 1.1.2 3.00 95.00 98.00 OK

Check Details

Version: 1.1.2
Check: CRAN incoming feasibility
Result: NOTE Maintainer: ‘Michael P. Fay <mfay@niaid.nih.gov>’ No Authors@R field in DESCRIPTION. Please add one, modifying Authors@R: person(given = c("Michael", "P."), family = "Fay", role = c("aut", "cre"), email = "mfay@niaid.nih.gov") as necessary. Flavors: r-devel-linux-x86_64-debian-clang, r-devel-linux-x86_64-debian-gcc