Last updated on 2025-07-22 01:49:14 CEST.
Flavor | Version | Tinstall | Tcheck | Ttotal | Status | Flags |
---|---|---|---|---|---|---|
r-devel-linux-x86_64-debian-clang | 0.10.1 | 194.69 | 29.70 | 224.39 | OK | |
r-devel-linux-x86_64-debian-gcc | 0.10.1 | 153.04 | 24.45 | 177.49 | OK | |
r-devel-linux-x86_64-fedora-clang | 0.10.1 | 353.55 | OK | |||
r-devel-linux-x86_64-fedora-gcc | 0.10.1 | 362.66 | OK | |||
r-devel-windows-x86_64 | 0.10.1 | 315.00 | 78.00 | 393.00 | OK | |
r-patched-linux-x86_64 | 0.10.1 | 194.15 | 27.81 | 221.96 | OK | |
r-release-linux-x86_64 | 0.10.1 | 196.20 | 27.84 | 224.04 | OK | |
r-release-macos-arm64 | 0.10.1 | 116.00 | OK | |||
r-release-macos-x86_64 | 0.10.1 | 132.00 | OK | |||
r-release-windows-x86_64 | 0.10.1 | 284.00 | 87.00 | 371.00 | OK | |
r-oldrel-macos-arm64 | 0.10.1 | 116.00 | NOTE | |||
r-oldrel-macos-x86_64 | 0.10.1 | 128.00 | NOTE | |||
r-oldrel-windows-x86_64 | 0.10.1 | 282.00 | 104.00 | 386.00 | OK |
Version: 0.10.1
Check: installed package size
Result: NOTE
installed size is 6.3Mb
sub-directories of 1Mb or more:
libs 5.9Mb
Flavors: r-oldrel-macos-arm64, r-oldrel-macos-x86_64