Last updated on 2025-07-19 13:50:08 CEST.
Flavor | Version | Tinstall | Tcheck | Ttotal | Status | Flags |
---|---|---|---|---|---|---|
r-devel-linux-x86_64-debian-clang | 0.7.3 | 156.69 | 202.37 | 359.06 | OK | |
r-devel-linux-x86_64-debian-gcc | 0.7.3 | 109.87 | 136.04 | 245.91 | OK | |
r-devel-linux-x86_64-fedora-clang | 0.7.3 | 565.03 | OK | |||
r-devel-linux-x86_64-fedora-gcc | 0.7.3 | 624.50 | OK | |||
r-devel-windows-x86_64 | 0.7.3 | 166.00 | 268.00 | 434.00 | OK | |
r-patched-linux-x86_64 | 0.7.3 | 161.81 | 193.79 | 355.60 | OK | |
r-release-linux-x86_64 | 0.7.3 | 155.49 | 192.90 | 348.39 | OK | |
r-release-macos-arm64 | 0.7.3 | 223.00 | OK | |||
r-release-macos-x86_64 | 0.7.3 | 284.00 | OK | |||
r-release-windows-x86_64 | 0.7.3 | 161.00 | 266.00 | 427.00 | OK | |
r-oldrel-macos-arm64 | 0.7.3 | 179.00 | NOTE | |||
r-oldrel-macos-x86_64 | 0.7.3 | 228.00 | NOTE | |||
r-oldrel-windows-x86_64 | 0.7.3 | 196.00 | 334.00 | 530.00 | OK |
Version: 0.7.3
Check: installed package size
Result: NOTE
installed size is 18.4Mb
sub-directories of 1Mb or more:
libs 16.5Mb
Flavors: r-oldrel-macos-arm64, r-oldrel-macos-x86_64