Last updated on 2024-06-26 13:05:42 CEST.
Flavor | Version | Tinstall | Tcheck | Ttotal | Status | Flags |
---|---|---|---|---|---|---|
r-devel-linux-x86_64-debian-clang | 1.0.2 | OK | ||||
r-devel-linux-x86_64-debian-gcc | 1.0.2 | 3.79 | 39.78 | 43.57 | OK | |
r-devel-linux-x86_64-fedora-clang | 1.0.2 | 74.47 | NOTE | |||
r-devel-linux-x86_64-fedora-gcc | 1.0.2 | 88.07 | NOTE | |||
r-devel-windows-x86_64 | 1.0.2 | 5.00 | 60.00 | 65.00 | OK | |
r-patched-linux-x86_64 | 1.0.2 | 5.03 | 51.24 | 56.27 | OK | |
r-release-linux-x86_64 | 1.0.2 | 2.76 | 51.43 | 54.19 | OK | |
r-release-macos-arm64 | 1.0.2 | 27.00 | OK | |||
r-release-macos-x86_64 | 1.0.2 | 45.00 | OK | |||
r-release-windows-x86_64 | 1.0.2 | 6.00 | 60.00 | 66.00 | OK | |
r-oldrel-macos-arm64 | 1.0.2 | 35.00 | OK | |||
r-oldrel-macos-x86_64 | 1.0.2 | 47.00 | OK | |||
r-oldrel-windows-x86_64 | 1.0.2 | 7.00 | 66.00 | 73.00 | OK |
Version: 1.0.2
Check: dependencies in R code
Result: NOTE
Namespace in Imports field not imported from: ‘pspearman’
All declared Imports should be used.
Flavors: r-devel-linux-x86_64-fedora-clang, r-devel-linux-x86_64-fedora-gcc