Last updated on 2025-07-15 12:49:18 CEST.
Flavor | Version | Tinstall | Tcheck | Ttotal | Status | Flags |
---|---|---|---|---|---|---|
r-devel-linux-x86_64-debian-clang | 1.0.8 | 49.11 | 112.24 | 161.35 | OK | |
r-devel-linux-x86_64-debian-gcc | 1.0.8 | 40.07 | 81.52 | 121.59 | OK | |
r-devel-linux-x86_64-fedora-clang | 1.0.8 | 250.17 | OK | |||
r-devel-linux-x86_64-fedora-gcc | 1.0.8 | 253.20 | OK | |||
r-devel-windows-x86_64 | 1.0.8 | 53.00 | 110.00 | 163.00 | OK | |
r-patched-linux-x86_64 | 1.0.8 | 45.68 | 104.97 | 150.65 | OK | |
r-release-linux-x86_64 | 1.0.8 | 52.59 | 103.12 | 155.71 | OK | |
r-release-macos-arm64 | 1.0.8 | 91.00 | OK | |||
r-release-macos-x86_64 | 1.0.8 | 138.00 | OK | |||
r-release-windows-x86_64 | 1.0.8 | 53.00 | 117.00 | 170.00 | OK | |
r-oldrel-macos-arm64 | 1.0.8 | 85.00 | NOTE | |||
r-oldrel-macos-x86_64 | 1.0.8 | 173.00 | NOTE | |||
r-oldrel-windows-x86_64 | 1.0.8 | 66.00 | 141.00 | 207.00 | NOTE |
Version: 1.0.8
Check: installed package size
Result: NOTE
installed size is 5.9Mb
sub-directories of 1Mb or more:
data 4.5Mb
Flavors: r-oldrel-macos-arm64, r-oldrel-macos-x86_64, r-oldrel-windows-x86_64