Last updated on 2025-07-18 12:49:14 CEST.
Flavor | Version | Tinstall | Tcheck | Ttotal | Status | Flags |
---|---|---|---|---|---|---|
r-devel-linux-x86_64-debian-clang | 1.1.0 | 297.64 | 314.94 | 612.58 | OK | |
r-devel-linux-x86_64-debian-gcc | 1.1.0 | 245.29 | 214.53 | 459.82 | OK | |
r-devel-linux-x86_64-fedora-clang | 1.1.0 | 1119.23 | OK | |||
r-devel-linux-x86_64-fedora-gcc | 1.1.0 | 1326.23 | OK | |||
r-devel-windows-x86_64 | 1.1.0 | 304.00 | 310.00 | 614.00 | OK | |
r-patched-linux-x86_64 | 1.1.0 | 261.75 | 323.14 | 584.89 | OK | |
r-release-linux-x86_64 | 1.1.0 | 262.17 | 320.89 | 583.06 | OK | |
r-release-macos-arm64 | 1.1.0 | 291.00 | OK | |||
r-release-macos-x86_64 | 1.1.0 | 439.00 | OK | |||
r-release-windows-x86_64 | 1.1.0 | 311.00 | 312.00 | 623.00 | OK | |
r-oldrel-macos-arm64 | 1.1.0 | 155.00 | NOTE | |||
r-oldrel-macos-x86_64 | 1.1.0 | 231.00 | NOTE | |||
r-oldrel-windows-x86_64 | 1.1.0 | 284.00 | 427.00 | 711.00 | NOTE |
Version: 1.1.0
Check: installed package size
Result: NOTE
installed size is 97.2Mb
sub-directories of 1Mb or more:
libs 96.4Mb
Flavors: r-oldrel-macos-arm64, r-oldrel-macos-x86_64, r-oldrel-windows-x86_64
Version: 1.1.0
Check: for GNU extensions in Makefiles
Result: NOTE
GNU make is a SystemRequirements.
Flavors: r-oldrel-macos-arm64, r-oldrel-macos-x86_64, r-oldrel-windows-x86_64