Last updated on 2025-07-28 12:50:02 CEST.
Flavor | Version | Tinstall | Tcheck | Ttotal | Status | Flags |
---|---|---|---|---|---|---|
r-devel-linux-x86_64-debian-clang | 0.2.2 | 23.95 | 194.09 | 218.04 | NOTE | |
r-devel-linux-x86_64-debian-gcc | 0.2.2 | 15.80 | 138.75 | 154.55 | NOTE | |
r-devel-linux-x86_64-fedora-clang | 0.2.2 | 332.27 | NOTE | |||
r-devel-linux-x86_64-fedora-gcc | 0.2.2 | 339.36 | NOTE | |||
r-devel-windows-x86_64 | 0.2.2 | 26.00 | 175.00 | 201.00 | NOTE | |
r-patched-linux-x86_64 | 0.2.2 | 21.85 | 173.56 | 195.41 | NOTE | |
r-release-linux-x86_64 | 0.2.2 | 21.76 | 174.68 | 196.44 | NOTE | |
r-release-macos-arm64 | 0.2.2 | 88.00 | NOTE | |||
r-release-macos-x86_64 | 0.2.2 | 184.00 | NOTE | |||
r-release-windows-x86_64 | 0.2.2 | 25.00 | 173.00 | 198.00 | NOTE | |
r-oldrel-macos-arm64 | 0.2.2 | 74.00 | OK | |||
r-oldrel-macos-x86_64 | 0.2.2 | 117.00 | OK | |||
r-oldrel-windows-x86_64 | 0.2.2 | 35.00 | 226.00 | 261.00 | OK |
Version: 0.2.2
Check: DESCRIPTION meta-information
Result: NOTE
Missing dependency on R >= 4.1.0 because package code uses the pipe
|> or function shorthand \(...) syntax added in R 4.1.0.
File(s) using such syntax:
‘QeFairHelpers.R’
Flavors: r-devel-linux-x86_64-debian-clang, r-devel-linux-x86_64-debian-gcc, r-devel-linux-x86_64-fedora-clang, r-devel-linux-x86_64-fedora-gcc, r-devel-windows-x86_64, r-patched-linux-x86_64, r-release-linux-x86_64, r-release-macos-arm64, r-release-macos-x86_64, r-release-windows-x86_64