Last updated on 2025-07-19 13:50:11 CEST.
Flavor | Version | Tinstall | Tcheck | Ttotal | Status | Flags |
---|---|---|---|---|---|---|
r-devel-linux-x86_64-debian-clang | 2.5.0 | 19.95 | 243.71 | 263.66 | NOTE | |
r-devel-linux-x86_64-debian-gcc | 2.5.0 | 13.45 | 159.02 | 172.47 | NOTE | |
r-devel-linux-x86_64-fedora-clang | 2.5.0 | 434.15 | OK | |||
r-devel-linux-x86_64-fedora-gcc | 2.5.0 | 386.33 | OK | |||
r-devel-windows-x86_64 | 2.5.0 | 25.00 | 263.00 | 288.00 | NOTE | |
r-patched-linux-x86_64 | 2.5.0 | 25.05 | 228.17 | 253.22 | NOTE | |
r-release-linux-x86_64 | 2.5.0 | 20.87 | 227.63 | 248.50 | NOTE | |
r-release-macos-arm64 | 2.5.0 | 104.00 | OK | |||
r-release-macos-x86_64 | 2.5.0 | 208.00 | OK | |||
r-release-windows-x86_64 | 2.5.0 | 22.00 | 261.00 | 283.00 | NOTE | |
r-oldrel-macos-arm64 | 2.5.0 | 103.00 | OK | |||
r-oldrel-macos-x86_64 | 2.5.0 | 192.00 | OK | |||
r-oldrel-windows-x86_64 | 2.5.0 | 33.00 | 329.00 | 362.00 | OK |
Version: 2.5.0
Check: Rd cross-references
Result: NOTE
Found the following Rd file(s) with Rd \link{} targets missing package
anchors:
get_trackdata.Rd: wrasspOutputInfos, tibble
query.Rd: tibble
requery_hier.Rd: tibble
requery_seq.Rd: tibble
serve.Rd: stopAllServers, httpuv
Please provide package anchors for all Rd \link{} targets not in the
package itself and the base packages.
Flavors: r-devel-linux-x86_64-debian-clang, r-devel-linux-x86_64-debian-gcc, r-devel-windows-x86_64, r-patched-linux-x86_64, r-release-linux-x86_64, r-release-windows-x86_64