CRAN Package Check Results for Package faq

Last updated on 2025-07-21 12:50:00 CEST.

Flavor Version Tinstall Tcheck Ttotal Status Flags
r-devel-linux-x86_64-debian-clang 0.1.1 2.18 28.34 30.52 OK
r-devel-linux-x86_64-debian-gcc 0.1.1 1.90 23.35 25.25 OK
r-devel-linux-x86_64-fedora-clang 0.1.1 47.31 OK
r-devel-linux-x86_64-fedora-gcc 0.1.1 62.42 OK
r-devel-windows-x86_64 0.1.1 4.00 53.00 57.00 OK
r-patched-linux-x86_64 0.1.1 2.38 26.10 28.48 OK
r-release-linux-x86_64 0.1.1 2.18 25.80 27.98 OK
r-release-macos-arm64 0.1.1 38.00 OK
r-release-macos-x86_64 0.1.1 45.00 OK
r-release-windows-x86_64 0.1.1 4.00 52.00 56.00 OK
r-oldrel-macos-arm64 0.1.1 24.00 NOTE
r-oldrel-macos-x86_64 0.1.1 37.00 NOTE
r-oldrel-windows-x86_64 0.1.1 4.00 56.00 60.00 NOTE

Check Details

Version: 0.1.1
Check: LazyData
Result: NOTE 'LazyData' is specified without a 'data' directory Flavors: r-oldrel-macos-arm64, r-oldrel-macos-x86_64, r-oldrel-windows-x86_64