Last updated on 2025-07-17 12:49:58 CEST.
Flavor | Version | Tinstall | Tcheck | Ttotal | Status | Flags |
---|---|---|---|---|---|---|
r-devel-linux-x86_64-debian-clang | 0.6-192 | 115.16 | 185.45 | 300.61 | OK | |
r-devel-linux-x86_64-debian-gcc | 0.6-192 | 82.78 | 126.54 | 209.32 | OK | |
r-devel-linux-x86_64-fedora-clang | 0.6-192 | 526.18 | OK | |||
r-devel-linux-x86_64-fedora-gcc | 0.6-192 | 505.68 | OK | |||
r-devel-windows-x86_64 | 0.6-192 | 129.00 | 206.00 | 335.00 | OK | |
r-patched-linux-x86_64 | 0.6-192 | 117.51 | 171.71 | 289.22 | OK | |
r-release-linux-x86_64 | 0.6-192 | 113.46 | 172.96 | 286.42 | OK | |
r-release-macos-arm64 | 0.6-192 | 129.00 | OK | |||
r-release-macos-x86_64 | 0.6-192 | 235.00 | OK | |||
r-release-windows-x86_64 | 0.6-192 | 144.00 | 198.00 | 342.00 | OK | |
r-oldrel-macos-arm64 | 0.6-192 | 79.00 | NOTE | |||
r-oldrel-macos-x86_64 | 0.6-192 | 121.00 | NOTE | |||
r-oldrel-windows-x86_64 | 0.6-192 | 161.00 | 269.00 | 430.00 | NOTE |
Version: 0.6-192
Check: installed package size
Result: NOTE
installed size is 10.6Mb
sub-directories of 1Mb or more:
data 4.7Mb
libs 5.1Mb
Flavors: r-oldrel-macos-arm64, r-oldrel-macos-x86_64, r-oldrel-windows-x86_64
Version: 0.6-192
Check: for GNU extensions in Makefiles
Result: NOTE
GNU make is a SystemRequirements.
Flavors: r-oldrel-macos-arm64, r-oldrel-macos-x86_64, r-oldrel-windows-x86_64