Last updated on 2025-07-18 12:49:15 CEST.
Flavor | Version | Tinstall | Tcheck | Ttotal | Status | Flags |
---|---|---|---|---|---|---|
r-devel-linux-x86_64-debian-clang | 1.0 | 110.98 | 31.10 | 142.08 | OK | |
r-devel-linux-x86_64-debian-gcc | 1.0 | 70.65 | 24.37 | 95.02 | OK | |
r-devel-linux-x86_64-fedora-clang | 1.0 | 277.67 | OK | |||
r-devel-linux-x86_64-fedora-gcc | 1.0 | 240.62 | OK | |||
r-devel-windows-x86_64 | 1.0 | 115.00 | 77.00 | 192.00 | OK | |
r-patched-linux-x86_64 | 1.0 | 100.27 | 29.53 | 129.80 | OK | |
r-release-linux-x86_64 | 1.0 | 100.33 | 29.42 | 129.75 | OK | |
r-release-macos-arm64 | 1.0 | 56.00 | OK | |||
r-release-macos-x86_64 | 1.0 | 65.00 | OK | |||
r-release-windows-x86_64 | 1.0 | 118.00 | 78.00 | 196.00 | OK | |
r-oldrel-macos-arm64 | 1.0 | 56.00 | NOTE | |||
r-oldrel-macos-x86_64 | 1.0 | 59.00 | NOTE | |||
r-oldrel-windows-x86_64 | 1.0 | 138.00 | 92.00 | 230.00 | OK |
Version: 1.0
Check: installed package size
Result: NOTE
installed size is 5.7Mb
sub-directories of 1Mb or more:
libs 5.6Mb
Flavors: r-oldrel-macos-arm64, r-oldrel-macos-x86_64