Last updated on 2025-07-15 12:49:20 CEST.
Flavor | Version | Tinstall | Tcheck | Ttotal | Status | Flags |
---|---|---|---|---|---|---|
r-devel-linux-x86_64-debian-clang | 0.4.1 | 199.44 | 349.30 | 548.74 | NOTE | |
r-devel-linux-x86_64-debian-gcc | 0.4.1 | 133.14 | 225.09 | 358.23 | NOTE | |
r-devel-linux-x86_64-fedora-clang | 0.4.1 | 935.53 | NOTE | |||
r-devel-linux-x86_64-fedora-gcc | 0.4.1 | 857.54 | NOTE | |||
r-devel-windows-x86_64 | 0.4.1 | 206.00 | 442.00 | 648.00 | NOTE | |
r-patched-linux-x86_64 | 0.4.1 | 181.88 | 330.54 | 512.42 | NOTE | |
r-release-linux-x86_64 | 0.4.1 | 177.44 | 324.89 | 502.33 | NOTE | |
r-release-macos-arm64 | 0.4.1 | 210.00 | NOTE | |||
r-release-macos-x86_64 | 0.4.1 | 357.00 | NOTE | |||
r-release-windows-x86_64 | 0.4.1 | 220.00 | 460.00 | 680.00 | NOTE | |
r-oldrel-macos-arm64 | 0.4.1 | 146.00 | NOTE | |||
r-oldrel-macos-x86_64 | 0.4.1 | 242.00 | NOTE | |||
r-oldrel-windows-x86_64 | 0.4.1 | 262.00 | 631.00 | 893.00 | NOTE |
Version: 0.4.1
Check: DESCRIPTION meta-information
Result: NOTE
Missing dependency on R >= 4.2.0 because package code uses the pipe
placeholder syntax added in R 4.2.0.
File(s) using such syntax:
‘caps-plot.R’ ‘utils.R’
Flavors: r-devel-linux-x86_64-debian-clang, r-devel-linux-x86_64-debian-gcc, r-devel-linux-x86_64-fedora-clang, r-devel-linux-x86_64-fedora-gcc, r-devel-windows-x86_64, r-patched-linux-x86_64, r-release-linux-x86_64, r-release-macos-arm64, r-release-windows-x86_64
Version: 0.4.1
Check: DESCRIPTION meta-information
Result: NOTE
Missing dependency on R >= 4.1.0 because package code uses the pipe
|> or function shorthand \(...) syntax added in R 4.1.0.
File(s) using such syntax:
‘caps-diagnostic.R’ ‘caps-plot.R’ ‘compare-caps.R’ ‘fdadbscan.R’
‘fdadist.R’ ‘fdahclust.R’ ‘fdakmeans.R’ ‘utils.R’
Flavor: r-release-macos-x86_64
Version: 0.4.1
Check: installed package size
Result: NOTE
installed size is 14.9Mb
sub-directories of 1Mb or more:
R 1.9Mb
doc 1.5Mb
help 2.1Mb
libs 8.9Mb
Flavors: r-oldrel-macos-arm64, r-oldrel-macos-x86_64, r-oldrel-windows-x86_64