Last updated on 2024-06-29 01:50:03 CEST.
Flavor | Version | Tinstall | Tcheck | Ttotal | Status | Flags |
---|---|---|---|---|---|---|
r-devel-linux-x86_64-debian-clang | 1.0.2 | NOTE | ||||
r-devel-linux-x86_64-debian-gcc | 1.0.2 | 58.70 | 64.59 | 123.29 | NOTE | |
r-devel-linux-x86_64-fedora-clang | 1.0.2 | 191.08 | NOTE | |||
r-devel-linux-x86_64-fedora-gcc | 1.0.2 | 173.09 | NOTE | |||
r-devel-windows-x86_64 | 1.0.2 | 56.00 | 87.00 | 143.00 | NOTE | |
r-patched-linux-x86_64 | 1.0.2 | 41.44 | 82.01 | 123.45 | NOTE | |
r-release-linux-x86_64 | 1.0.2 | 37.60 | 82.60 | 120.20 | NOTE | |
r-release-macos-arm64 | 1.0.2 | 62.00 | NOTE | |||
r-release-macos-x86_64 | 1.0.2 | 143.00 | NOTE | |||
r-release-windows-x86_64 | 1.0.2 | 54.00 | 86.00 | 140.00 | NOTE | |
r-oldrel-macos-arm64 | 1.0.2 | 74.00 | NOTE | |||
r-oldrel-macos-x86_64 | 1.0.2 | 154.00 | NOTE | |||
r-oldrel-windows-x86_64 | 1.0.2 | 51.00 | 97.00 | 148.00 | NOTE |
Version: 1.0.2
Check: package dependencies
Result: NOTE
Package suggested but not available for checking: ‘gridlayout’
Flavors: r-devel-linux-x86_64-debian-clang, r-devel-linux-x86_64-debian-gcc, r-devel-linux-x86_64-fedora-clang, r-devel-linux-x86_64-fedora-gcc, r-devel-windows-x86_64, r-patched-linux-x86_64, r-release-linux-x86_64, r-release-macos-arm64, r-release-macos-x86_64, r-release-windows-x86_64, r-oldrel-macos-arm64, r-oldrel-macos-x86_64, r-oldrel-windows-x86_64
Version: 1.0.2
Check: installed package size
Result: NOTE
installed size is 5.5Mb
sub-directories of 1Mb or more:
data 5.3Mb
Flavors: r-devel-linux-x86_64-fedora-clang, r-devel-windows-x86_64, r-release-macos-arm64, r-release-macos-x86_64, r-release-windows-x86_64, r-oldrel-macos-arm64, r-oldrel-macos-x86_64, r-oldrel-windows-x86_64