Last updated on 2024-06-30 00:59:14 CEST.
Flavor | Version | Tinstall | Tcheck | Ttotal | Status | Flags |
---|---|---|---|---|---|---|
r-devel-linux-x86_64-debian-clang | 3.5.1 | 15.41 | 122.28 | 137.69 | NOTE | |
r-devel-linux-x86_64-debian-gcc | 3.5.1 | 11.89 | 87.11 | 99.00 | NOTE | |
r-devel-linux-x86_64-fedora-clang | 3.5.1 | 178.14 | NOTE | |||
r-devel-linux-x86_64-fedora-gcc | 3.5.1 | 156.84 | NOTE | |||
r-devel-windows-x86_64 | 3.5.1 | 13.00 | 96.00 | 109.00 | NOTE | |
r-patched-linux-x86_64 | 3.5.1 | 16.61 | 117.41 | 134.02 | NOTE | |
r-release-linux-x86_64 | 3.5.1 | 12.32 | 112.99 | 125.31 | NOTE | |
r-release-macos-arm64 | 3.5.1 | 43.00 | NOTE | |||
r-release-macos-x86_64 | 3.5.1 | 63.00 | NOTE | |||
r-release-windows-x86_64 | 3.5.1 | 14.00 | 96.00 | 110.00 | NOTE | |
r-oldrel-macos-arm64 | 3.5.1 | 46.00 | NOTE | |||
r-oldrel-macos-x86_64 | 3.5.1 | 82.00 | NOTE | |||
r-oldrel-windows-x86_64 | 3.5.1 | 18.00 | 120.00 | 138.00 | NOTE |
Version: 3.5.1
Check: LazyData
Result: NOTE
'LazyData' is specified without a 'data' directory
Flavors: r-devel-linux-x86_64-debian-clang, r-devel-linux-x86_64-debian-gcc, r-devel-linux-x86_64-fedora-clang, r-devel-linux-x86_64-fedora-gcc, r-devel-windows-x86_64, r-patched-linux-x86_64, r-release-linux-x86_64, r-release-macos-arm64, r-release-macos-x86_64, r-release-windows-x86_64, r-oldrel-macos-arm64, r-oldrel-macos-x86_64, r-oldrel-windows-x86_64