CRAN Package Check Results for Package gargoyle

Last updated on 2025-07-18 12:49:16 CEST.

Flavor Version Tinstall Tcheck Ttotal Status Flags
r-devel-linux-x86_64-debian-clang 0.0.1 2.88 36.65 39.53 OK
r-devel-linux-x86_64-debian-gcc 0.0.1 2.71 30.03 32.74 OK
r-devel-linux-x86_64-fedora-clang 0.0.1 61.58 OK
r-devel-linux-x86_64-fedora-gcc 0.0.1 75.80 OK
r-devel-windows-x86_64 0.0.1 5.00 61.00 66.00 OK
r-patched-linux-x86_64 0.0.1 3.06 34.25 37.31 OK
r-release-linux-x86_64 0.0.1 3.57 34.61 38.18 OK
r-release-macos-arm64 0.0.1 45.00 OK
r-release-macos-x86_64 0.0.1 78.00 OK
r-release-windows-x86_64 0.0.1 6.00 73.00 79.00 OK
r-oldrel-macos-arm64 0.0.1 29.00 NOTE
r-oldrel-macos-x86_64 0.0.1 44.00 NOTE
r-oldrel-windows-x86_64 0.0.1 6.00 69.00 75.00 NOTE

Check Details

Version: 0.0.1
Check: LazyData
Result: NOTE 'LazyData' is specified without a 'data' directory Flavors: r-oldrel-macos-arm64, r-oldrel-macos-x86_64, r-oldrel-windows-x86_64