CRAN Package Check Results for Package gbifdb

Last updated on 2025-07-16 00:49:42 CEST.

Flavor Version Tinstall Tcheck Ttotal Status Flags
r-devel-linux-x86_64-debian-clang 1.0.0 4.05 40.92 44.97 NOTE
r-devel-linux-x86_64-debian-gcc 1.0.0 2.69 30.43 33.12 NOTE
r-devel-linux-x86_64-fedora-clang 1.0.0 68.10 OK
r-devel-linux-x86_64-fedora-gcc 1.0.0 83.12 OK
r-devel-windows-x86_64 1.0.0 6.00 55.00 61.00 OK
r-patched-linux-x86_64 1.0.0 3.90 36.47 40.37 OK
r-release-linux-x86_64 1.0.0 3.89 36.14 40.03 OK
r-release-macos-arm64 1.0.0 34.00 OK
r-release-macos-x86_64 1.0.0 57.00 OK
r-release-windows-x86_64 1.0.0 5.00 63.00 68.00 OK
r-oldrel-macos-arm64 1.0.0 36.00 OK
r-oldrel-macos-x86_64 1.0.0 49.00 OK
r-oldrel-windows-x86_64 1.0.0 8.00 66.00 74.00 OK

Check Details

Version: 1.0.0
Check: CRAN incoming feasibility
Result: NOTE Maintainer: ‘Carl Boettiger <cboettig@gmail.com>’ The BugReports field in DESCRIPTION has https://github.com/ropensci/gbifdb which should likely be https://github.com/ropensci/gbifdb/issues instead. Flavors: r-devel-linux-x86_64-debian-clang, r-devel-linux-x86_64-debian-gcc